*a - 41. Give n(69).
28
Let j(w) = -44*w + 110. Determine j(4).
-66
Let l(x) = 459*x + 2752. What is l(-6)?
-2
Let n(a) = -a**2 + 42*a + 104. Determine n(19).
541
Let y(v) = 7*v**3 + 57*v**2 + 114*v - 5. Give y(-3).
-23
Let v(h) = h**3 - 14*h**2 - 6*h - 32. What is v(16)?
384
Let n(w) = w**2 + 304*w + 10100. Give n(-38).
-8
Let t(d) = 9*d + 293. What is t(-35)?
-22
Let x(g) = -g**3 - 2*g**2 - 3*g + 261. Give x(0).
261
Let i(t) = -3*t**2 + 21*t - 3. Give i(6).
15
Let v(c) = c**3 - 55*c**2 + 160*c - 196. Calculate v(52).
12
Let r(c) = 51*c**2 - 4*c - 51. Determine r(-1).
4
Let j(g) = g**2 - 36*g - 699. What is j(-14)?
1
Let p(g) = g**3 + 7*g**2 + 241*g + 1127. What is p(-5)?
-28
Let u(x) = -34*x**2 + 802*x - 805. Determine u(1).
-37
Let b(w) = -w**2 + 9*w - 14. What is b(3)?
4
Let o(x) = -2*x**3 + 3*x**2 + 62*x + 15. Give o(6).
63
Let x(r) = -r**3 + 57*r**2 + 311*r - 72. What is x(62)?
-10
Let n(a) = -7*a**2 + 199*a + 329. What is n(31)?
-229
Let n(m) = 106*m + 906. What is n(-8)?
58
Let t(b) = -b**2 + 726. Calculate t(-27).
-3
Let m(b) = 7*b - 23. Give m(27).
166
Let l(n) = 13*n + 193. What is l(-19)?
-54
Let l(h) = -19*h**2 - 3761*h + 195. Give l(-198).
-3
Let y(v) = v**3 - 4*v**2 + v - 10. Give y(3).
-16
Let p(g) = g**3 - 21*g**2 + 44*g - 120. Give p(19).
-6
Let c(y) = 15*y - 374. What is c(22)?
-44
Let o(m) = 34*m - 299. What is o(8)?
-27
Let u(j) = -15*j + 318. Determine u(17).
63
Let b(j) = -j**3 + 10*j**2 + 42*j - 185. Determine b(12).
31
Let b(c) = -c**3 - 39*c**2 - 151*c - 372. Calculate b(-35).
13
Let p(f) = 14*f + 265. Give p(-18).
13
Let w(q) = -10*q**3 + 4*q**2 - 3*q + 2. Determine w(1).
-7
Let b(n) = -4*n**2 + 368*n - 654. Calculate b(90).
66
Let w(c) = c**2 - 4*c - 18. Give w(-6).
42
Let b(d) = -3*d**2 + 85*d - 468. Calculate b(21).
-6
Let j(l) = -122*l + 879. Determine j(7).
25
Let o(g) = -3*g - 30. Calculate o(-10).
0
Let r(z) = 11*z**2 - 56*z + 146. Determine r(3).
77
Let b(d) = -4*d**3 - 157*d**2 - 200*d - 55. Calculate b(-38).
325
Let l(p) = -p**2 - 6*p - 6. Calculate l(-11).
-61
Let i(n) = -n**2 - 19*n - 94. Give i(-8).
-6
Let o(d) = 31*d**2 - 149*d - 18. Give o(5).
12
Let p(a) = -12*a - 140. Calculate p(-8).
-44
Let z(u) = 6*u**3 - 28*u**2 + 27*u + 1. What is z(1)?
6
Let d(z) = -450*z + 9441. Calculate d(21).
-9
Let c(b) = 318*b - 19084. Determine c(60).
-4
Let d(n) = -5*n**3 + 6*n**2 + 6*n - 3. Give d(2).
-7
Let i(m) = -m**3 - 13*m**2 - 17*m - 38. Calculate i(-12).
22
Let v(d) = -27*d + 905. What is v(32)?
41
Let m(y) = -2*y**3 + 34*y**2 + 70*y - 614. Determine m(18).
-2
Let q(k) = -8*k + 1494. Calculate q(180).
54
Let a(s) = s**3 + 32*s**2 + 61*s + 40. Give a(-30).
10
Let k(d) = 12*d**3 - 43*d**2 + 14*d + 3. What is k(3)?
-18
Let h(k) = -253*k - 5558. Calculate h(-22).
8
Let y(v) = 17*v**2 + 387*v - 69. Calculate y(-23).
23
Let q(l) = 19*l + 54. Calculate q(-3).
-3
Let v(q) = 6*q**2 + 984*q - 1990. Calculate v(-166).
2
Let i(o) = o**3 + 14*o**2 + 26*o + 63. What is i(-10)?
203
Let u(n) = -n**3 + 8*n**2 - 23*n + 17. Determine u(5).
-23
Let k(f) = -f**3 - 74*f**2 + 1125*f + 4. What is k(13)?
-74
Let w(p) = -p**3 - 3*p**2 - 4*p - 20. Determine w(0).
-20
Let j(y) = 224*y - 73472. Calculate j(328).
0
Let b(f) = -68*f - 546. Give b(-8).
-2
Let b(q) = 2*q**3 + 91*q**2 - 446*q + 188. Determine b(-50).
-12
Let v(a) = 41*a + 93. What is v(0)?
93
Let r(g) = -3*g**2 - 15*g + 97. Calculate r(-9).
-11
Let p(h) = h**3 + 55*h**2 + 388*h + 570. Determine p(-47).
6
Let a(f) = -11*f**3 - 19*f**2 - 13*f. What is a(-1)?
5
Let l(z) = -635*z - 1271. What is l(-2)?
-1
Let i(m) = 156*m + 22658. Calculate i(-145).
38
Let j(s) = 8*s**2 - 28*s + 18. What is j(5)?
78
Let n(b) = b**3 + 39*b**2 + 365*b - 5. What is n(-15)?
-80
Let w(c) = 6*c**2 + 63*c - 5. Calculate w(-8).
-125
Let i(y) = -276*y + 5517. Give i(20).
-3
Let y(w) = -4*w**2 - 2*w - 54. What is y(-6)?
-186
Let y(w) = 2*w**3 + 95*w**2 - 48*w - 3. Determine y(-48).
-3
Let g(a) = -a**2 + 16*a + 172. What is g(28)?
-164
Let b(t) = 4*t**3 - 80*t**2 - 9*t + 182. Determine b(20).
2
Let r(x) = -x**3 + 29*x**2 + 39*x + 716. Give r(31).
3
Let a(m) = -159*m - 124. Give a(-1).
35
Let u(j) = -j**3 - 101*j**2 - 177*j + 2085. What is u(-99)?
6
Let c(y) = -y**3 + 93*y**2 + 833*y - 2534. Determine c(101).
-9
Let j(v) = -5*v**2 + 48*v + 509. Give j(16).
-3
Let n(y) = -3*y**3 + 14*y**2 - 42*y + 77. Calculate n(4).
-59
Let u(x) = -16*x**2 - 79*x + 13. What is u(-5)?
8
Let i(c) = c**3 - 21*c**2 - 267*c + 26. Give i(30).
116
Let u(b) = 18*b + 879. Determine u(-20).
519
Let m(p) = p**2 + 29*p + 145. Give m(-8).
-23
Let b(n) = -n**2 - 55*n + 402. Determine b(-61).
36
Let b(c) = 5*c + 91. Give b(32).
251
Let f(d) = 135*d - 5. Give f(1).
130
Let q(k) = -498*k - 144427. Determine q(-290).
-7
Let i(x) = 10*x + 72. Calculate i(4).
112
Let s(n) = n**3 - 29*n**2 - 128*n - 100. Give s(33).
32
Let p(l) = -l**3 - 2*l**2 + 48*l + 87. Determine p(-7).
-4
Let z(g) = g**3 - 25*g**2 - 112*g - 108. Give z(29).
8
Let v(z) = 33*z - 71. What is v(3)?
28
Let j(d) = 555*d + 3328. Calculate j(-6).
-2
Let u(h) = -42*h + 1004. Determine u(23).
38
Let x(n) = 142*n + 2290. Give x(-16).
18
Let g(i) = -70*i + 351. What is g(5)?
1
Let a(d) = -4*d**3 + 25*d**2 + 30*d - 208. Give a(6).
8
Let r(p) = 341*p**2 + 691*p - 1. Calculate r(-2).
-19
Let q(a) = 19*a**2 + 2*a + 12. Calculate q(-3).
177
Let x(h) = -121*h**3 - h**2 + 20*h + 22. Give x(-1).
122
Let t(v) = -141*v**3 + 2*v**2 - 2. What is t(-1)?
141
Let g(y) = 5*y**3 - 11*y**2 + 6*y + 1. Calculate g(5).
381
Let s(n) = -n**3 - 79*n**2 - 150*n + 311. Calculate s(-77).
3
Let j(u) = 40*u**3 - 45*u**2 + 4*u - 7. What is j(2)?
141
Let y(g) = 228*g**3 + 16643*g**2 - 78*g - 362. What is y(-73)?
3
Let k(j) = -12*j**3 + 74*j**2 + 69*j - 7. Determine k(7).
-14
Let r(v) = v**3 - 7*v**2 - 9*v - 7. Determine r(-2).
-25
Let w(n) = -99*n + 376. Give w(6).
-218
Let p(t) = t**3 + 4*t**2 - 147*t - 826. Determine p(-6).
-16
Let a(h) = h**2 + 49*h - 1823. Determine a(-74).
27
Let d(l) = -1382*l - 15221. Give d(-11).
-19
Let v(t) = -t**3 + 10*t**2 - 3*t + 21. Calculate v(10).
-9
Let g(z) = -z**3 - 28*z**2 + 29. Give g(-28).
29
Let t(n) = 31*n**2 + 103*n - 80. Determine t(-4).
4
Let q(t) = t**2 - t - 158. What is q(-12)?
-2
Let m(v) = -3*v**2 - 66*v - 9. Calculate m(-17).
246
Let c(l) = -l**3 + 13*l**2 + 5*l - 188. Give c(12).
16
Let u(s) = -3*s**3 - 6*s**2 - 3*s - 5. What is u(-2)?
1
Let a(n) = 117*n + 5746. Give a(-49).
13
Let f(u) = 6*u**2 + 4*u + 3. Give f(-3).
45
Let d(z) = -43*z**2 - 35*z - 9. Determine d(-1).
-17
Let p(r) = -2*r**2 - 1362*r + 5482. Calculate p(4).
2
Let k(w) = 5*w**2 - 40*w - 12. Calculate k(6).
-72
Let u(l) = 10*l**3 + 6*l**2 - 27*l - 3. Give u(2).
47
Let j(m) = 282*m**2 - 6490*m + 86. Give j(23).
-6
Let l(d) = d**3 - 2*d**2 - 45*d + 31. Give l(8).
55
Let p(f) = -f**3 + 10*f**2 - 6*f - 54. Calculate p(9).
-27
Let a(r) = -r**2 + 316*r - 21476. Give a(217).
7
Let t(n) = 2*n**3 - 7*n**2 + 13*n - 35. Determine t(4).
33
Let y(c) = -1014*c + 1084. Calculate y(1).
70
Let m(n) = -18*n**3 + 2*n**2 - 106*n + 217. Determine m(2).
-131
Let v(m) = -m**3 + 21*m**2 - 28*m - 80. Give v(19).
110
Let q(j) = -248*j - 2725. Determine q(-11).
3
Let q(v) = -v**3 + v**2 + 22*v + 6. Give q(-4).
-2
Let f(b) = b**3 + 6*b**2 - 8*b - 9. Determine f(-6).
39
Let w(q) = 3*q**2 + 469*q - 2293. What is w(-161)?
-39
Let y(v) = v**2 + 72*v + 844. Determine y(-58).
32
Let a(u) = -2*u**2 - 50*u + 49. Determine a(-23).
141
Let w(s) = s**2 - 48*s + 562. Calculate w(21).
-5
Let h(v) = 2*v**3 + 22*v**2 + 19*v - 30. What is h(-9)?
123
Let t(g) = 6*g - 45. What is t(-6)?
-81
Let y(t) = 6*t**2 - 224*t + 1656. Give y(27).
-18
Let l(b) = 10*b + 172. Determine l(5).
222
Let u(a) = -3203*a + 160151. Calculate u(50).
1
Let h(y) = -395*y + 1167. Calculate h(3).
-18
Let d(t) = -7*t**3 - 10*t**2 + 57*t - 63. What is d(2)?
-45
Let u(a) = -a**2 - 121*a + 982. Give u(8).
-50
Let b(s) = -43*s - 173. Determine b(-9).
214
Let g(o) = 38*o + 1798. Give g(-43).
164
Let c(v) = -2*v + 110. Calculate c(16).
78
Let p(m) = -6324*m - 6267. Calculate p(-1).
57
Let t(g) = g**2 - 25*g - 1096. Give t(-22).
-62
Let a(g) = -3*g**3 + 22*g**2 - 4*g - 21. Determine a(6).
99
Let s(x) = 187*x + 944. Determine s(-5).
9
Let d(f) = -87*f**2 + 424*f + 575. What is d(